{"id":114,"date":"2021-09-07T20:30:59","date_gmt":"2021-09-07T18:30:59","guid":{"rendered":"https:\/\/www.patrimoineglane.ch\/?page_id=114"},"modified":"2021-10-23T23:28:22","modified_gmt":"2021-10-23T21:28:22","slug":"presentation","status":"publish","type":"page","link":"https:\/\/www.patrimoineglane.ch\/?page_id=114","title":{"rendered":"Pr\u00e9sentation"},"content":{"rendered":"\n<p id=\"block-0d65a814-e18e-40de-848d-161975492492\">Patrimoine Gl\u00e2ne a pour objectif de promouvoir le patrimoine gl\u00e2nois et d\u2019en soutenir la<br>sauvegarde.<\/p>\n\n\n\n<p id=\"block-02d346e2-4a6d-4350-badd-a1790d3e0c74\">Pour ce faire, l\u2019association souhaite :<\/p>\n\n\n\n<ul class=\"wp-block-list\" id=\"block-f297c4b0-42a7-4520-990b-10769ce56051\"><li>informer le public et le sensibiliser au patrimoine r\u00e9gional<\/li><li>jouer le r\u00f4le d\u2019interm\u00e9diaire entre la population, les collectivit\u00e9s publiques et les institutions culturelles li\u00e9es au patrimoine et fournir des prestations d\u2019information et de conseil<\/li><li>\u0153uvrer pour la sauvegarde et la conservation de biens patrimoniaux r\u00e9gionaux.<\/li><\/ul>\n\n\n\n<p id=\"block-9665c8ba-ce0e-4863-9fae-b27a6430f18f\">\ufeff<\/p>\n\n\n\n<p id=\"block-dbd216b6-70e5-4038-9531-522b1a384b94\">L\u2019association cherche \u00e0 atteindre ses objectifs en particulier via :<\/p>\n\n\n\n<ul class=\"wp-block-list\" id=\"block-067cef24-8ced-4b51-8873-c6151238b7b8\"><li>des conseils aux particuliers et services publics ayant des questions li\u00e9es au patrimoine gl\u00e2nois<\/li><li>la sauvegarde mat\u00e9rielle du patrimoine gl\u00e2nois jug\u00e9 d\u2019importance r\u00e9gionale, dans ses propres locaux ou aupr\u00e8s d\u2019institutions culturelles (mus\u00e9es, archives) r\u00e9gionales ou d\u2019ailleurs<\/li><li>la constitution d\u2019une documentation patrimoniale sur la Gl\u00e2ne<\/li><li>un site web et une pr\u00e9sence sur les r\u00e9seaux sociaux<\/li><li>des projets et \u00e9v\u00e9nements li\u00e9s \u00e0 la promotion du patrimoine gl\u00e2nois<\/li><li>l\u2019entretien du r\u00e9seau des partenaires des milieux concern\u00e9s.<\/li><\/ul>\n","protected":false},"excerpt":{"rendered":"<p>Patrimoine Gl\u00e2ne a pour objectif de promouvoir le patrimoine gl\u00e2nois et d\u2019en soutenir lasauvegarde. Pour ce faire, l\u2019association souhaite : informer le public et le sensibiliser au patrimoine r\u00e9gional jouer le r\u00f4le d\u2019interm\u00e9diaire entre la population, les collectivit\u00e9s publiques et les institutions culturelles li\u00e9es au patrimoine et fournir des prestations d\u2019information et de conseil \u0153uvrer [&hellip;]<\/p>\n","protected":false},"author":1,"featured_media":0,"parent":0,"menu_order":0,"comment_status":"closed","ping_status":"closed","template":"","meta":{"footnotes":""},"class_list":["post-114","page","type-page","status-publish","hentry"],"_links":{"self":[{"href":"https:\/\/www.patrimoineglane.ch\/index.php?rest_route=\/wp\/v2\/pages\/114","targetHints":{"allow":["GET"]}}],"collection":[{"href":"https:\/\/www.patrimoineglane.ch\/index.php?rest_route=\/wp\/v2\/pages"}],"about":[{"href":"https:\/\/www.patrimoineglane.ch\/index.php?rest_route=\/wp\/v2\/types\/page"}],"author":[{"embeddable":true,"href":"https:\/\/www.patrimoineglane.ch\/index.php?rest_route=\/wp\/v2\/users\/1"}],"replies":[{"embeddable":true,"href":"https:\/\/www.patrimoineglane.ch\/index.php?rest_route=%2Fwp%2Fv2%2Fcomments&post=114"}],"version-history":[{"count":6,"href":"https:\/\/www.patrimoineglane.ch\/index.php?rest_route=\/wp\/v2\/pages\/114\/revisions"}],"predecessor-version":[{"id":260,"href":"https:\/\/www.patrimoineglane.ch\/index.php?rest_route=\/wp\/v2\/pages\/114\/revisions\/260"}],"wp:attachment":[{"href":"https:\/\/www.patrimoineglane.ch\/index.php?rest_route=%2Fwp%2Fv2%2Fmedia&parent=114"}],"curies":[{"name":"wp","href":"https:\/\/api.w.org\/{rel}","templated":true}]}}