{"id":194,"date":"2021-09-08T17:44:41","date_gmt":"2021-09-08T15:44:41","guid":{"rendered":"https:\/\/www.patrimoineglane.ch\/?page_id=194"},"modified":"2022-02-21T21:27:17","modified_gmt":"2022-02-21T20:27:17","slug":"nous-soutenir","status":"publish","type":"page","link":"https:\/\/www.patrimoineglane.ch\/?page_id=194","title":{"rendered":"Nous soutenir"},"content":{"rendered":"\n<p>Nous avons besoin de votre aide !<\/p>\n\n\n\n<p>Vous pouvez, en tout temps, devenir membre de Patrimoine Gl\u00e2ne. <\/p>\n\n\n\n<p>La premi\u00e8re assembl\u00e9e g\u00e9n\u00e9rale a eu lieu <strong>le 11 novembre 2021<\/strong>. <\/p>\n\n\n\n<p>Les cotisations sont fix\u00e9es \u00e0 :<\/p>\n\n\n\n<ul class=\"wp-block-list\"><li>20.- CHF pour les \u00e9tudiantes et \u00e9tudiants<\/li><li>40.- CHF pour les membres ordinaires<\/li><li>60.- CHF pour les couples<\/li><li>100.- CHF pour les collectivit\u00e9s<\/li><\/ul>\n\n\n\n<p>Pour le versement des cotisations et pour tout don pour soutenir notre association:<\/p>\n\n\n\n<p>IBAN CH23 0076 8300 1608 6260 6<\/p>\n\n\n\n<p>Banque cantonal de Fribourg, Fribourg<\/p>\n\n\n\n<p>Patrimoine Gl\u00e2ne, 1680 Romont<\/p>\n","protected":false},"excerpt":{"rendered":"<p>Nous avons besoin de votre aide ! Vous pouvez, en tout temps, devenir membre de Patrimoine Gl\u00e2ne. La premi\u00e8re assembl\u00e9e g\u00e9n\u00e9rale a eu lieu le 11 novembre 2021. Les cotisations sont fix\u00e9es \u00e0 : 20.- CHF pour les \u00e9tudiantes et \u00e9tudiants 40.- CHF pour les membres ordinaires 60.- CHF pour les couples 100.- CHF pour [&hellip;]<\/p>\n","protected":false},"author":1,"featured_media":0,"parent":0,"menu_order":0,"comment_status":"closed","ping_status":"closed","template":"","meta":{"footnotes":""},"class_list":["post-194","page","type-page","status-publish","hentry"],"_links":{"self":[{"href":"https:\/\/www.patrimoineglane.ch\/index.php?rest_route=\/wp\/v2\/pages\/194","targetHints":{"allow":["GET"]}}],"collection":[{"href":"https:\/\/www.patrimoineglane.ch\/index.php?rest_route=\/wp\/v2\/pages"}],"about":[{"href":"https:\/\/www.patrimoineglane.ch\/index.php?rest_route=\/wp\/v2\/types\/page"}],"author":[{"embeddable":true,"href":"https:\/\/www.patrimoineglane.ch\/index.php?rest_route=\/wp\/v2\/users\/1"}],"replies":[{"embeddable":true,"href":"https:\/\/www.patrimoineglane.ch\/index.php?rest_route=%2Fwp%2Fv2%2Fcomments&post=194"}],"version-history":[{"count":5,"href":"https:\/\/www.patrimoineglane.ch\/index.php?rest_route=\/wp\/v2\/pages\/194\/revisions"}],"predecessor-version":[{"id":277,"href":"https:\/\/www.patrimoineglane.ch\/index.php?rest_route=\/wp\/v2\/pages\/194\/revisions\/277"}],"wp:attachment":[{"href":"https:\/\/www.patrimoineglane.ch\/index.php?rest_route=%2Fwp%2Fv2%2Fmedia&parent=194"}],"curies":[{"name":"wp","href":"https:\/\/api.w.org\/{rel}","templated":true}]}}